ed by 356703?
514
Calculate the remainder when 187607 is divided by 9374.
127
Calculate the remainder when 15672916 is divided by 2612150.
16
Calculate the remainder when 8446 is divided by 1428.
1306
Calculate the remainder when 1405435 is divided by 46.
43
Calculate the remainder when 227026 is divided by 75573.
307
What is the remainder when 9357 is divided by 1146?
189
Calculate the remainder when 572377 is divided by 95162.
1405
What is the remainder when 163160 is divided by 645?
620
Calculate the remainder when 1728567 is divided by 2158.
9
What is the remainder when 870714 is divided by 110?
64
Calculate the remainder when 4737345 is divided by 53.
46
What is the remainder when 95215 is divided by 47530?
155
Calculate the remainder when 18048011 is divided by 14100.
11
Calculate the remainder when 13036110 is divided by 266042.
52
Calculate the remainder when 5772716 is divided by 178.
176
What is the remainder when 313857 is divided by 104022?
1791
Calculate the remainder when 203621 is divided by 2706.
671
Calculate the remainder when 5241798 is divided by 862.
838
What is the remainder when 59909904 is divided by 19969966?
6
Calculate the remainder when 186015 is divided by 4250.
3265
What is the remainder when 68423 is divided by 162?
59
Calculate the remainder when 21892088 is divided by 123684.
20
Calculate the remainder when 9249793 is divided by 628.
609
What is the remainder when 1258547 is divided by 20624?
483
Calculate the remainder when 32400326 is divided by 60.
26
What is the remainder when 2357215 is divided by 1070?
5
What is the remainder when 10701831 is divided by 1324?
1263
Calculate the remainder when 4523224 is divided by 254.
246
What is the remainder when 382984 is divided by 15957?
16
Calculate the remainder when 11410761 is divided by 13.
11
Calculate the remainder when 49814 is divided by 15885.
2159
What is the remainder when 32794 is divided by 16244?
306
What is the remainder when 45041284 is divided by 17?
5
What is the remainder when 26626175 is divided by 1271?
1267
What is the remainder when 550325 is divided by 7?
6
What is the remainder when 529343 is divided by 1330?
3
What is the remainder when 687645 is divided by 49110?
105
Calculate the remainder when 355724 is divided by 353653.
2071
What is the remainder when 84286 is divided by 913?
290
Calculate the remainder when 713405 is divided by 37544.
69
What is the remainder when 96665948 is divided by 6041621?
12
Calculate the remainder when 127728 is divided by 31907.
100
What is the remainder when 1610233 is divided by 660?
493
What is the remainder when 18928803 is divided by 542?
537
Calculate the remainder when 45651602 is divided by 691.
687
Calculate the remainder when 1776108 is divided by 52202.
1240
What is the remainder when 99094999 is divided by 215?
209
What is the remainder when 100275 is divided by 99895?
380
What is the remainder when 85488 is divided by 420?
228
What is the remainder when 28479316 is divided by 36?
4
Calculate the remainder when 690312 is divided by 172572.
24
Calculate the remainder when 4089 is divided by 1396.
1297
Calculate the remainder when 12895741 is divided by 712.
709
Calculate the remainder when 40793 is divided by 742.
725
What is the remainder when 3725753 is divided by 1555?
1528
What is the remainder when 24011 is divided by 262?
169
What is the remainder when 1954233 is divided by 2480?
2473
Calculate the remainder when 2128354 is divided by 88.
74
Calculate the remainder when 3345 is divided by 191.
98
Calculate the remainder when 24080 is divided by 20102.
3978
Calculate the remainder when 9181273 is divided by 2295301.
69
Calculate the remainder when 465491 is divided by 2838.
59
What is the remainder when 377664 is divided by 1276?
1244
Calculate the remainder when 15529765 is divided by 377.
4
Calculate the remainder when 4197371 is divided by 1436.
1379
Calculate the remainder when 106818 is divided by 32927.
8037
What is the remainder when 34447630 is divided by 1027?
1023
Calculate the remainder when 8155765 is divided by 213.
208
What is the remainder when 527799 is divided by 635?
114
Calculate the remainder when 8656838 is divided by 6504.
14
Calculate the remainder when 11182402 is divided by 13.
10
What is the remainder when 19242495 is divided by 583?
580
Calculate the remainder when 20939371 is divided by 12.
7
Calculate the remainder when 870273 is divided by 3769.
3403
Calculate the remainder when 299303 is divided by 975.
953
What is the remainder when 180916437 is divided by 8995?
2
What is the remainder when 3157394 is divided by 212?
78
Calculate the remainder when 6961378 is divided by 83867.
417
What is the remainder when 44712497 is divided by 365?
362
What is the remainder when 116998 is divided by 8292?
910
Calculate the remainder when 419650 is divided by 1179.
1105
What is the remainder when 1503181 is divided by 136644?
97
Calculate the remainder when 372696 is divided by 1127.
786
Calculate the remainder when 931882 is divided by 4933.
4478
What is the remainder when 19966123 is divided by 17?
14
Calculate the remainder when 334469 is divided by 23012.
12301
What is the remainder when 494408 is divided by 98873?
43
What is the remainder when 490166 is divided by 821?
29
Calculate the remainder when 60615229 is divided by 4756.
9
Calculate the remainder when 12598071 is divided by 309.
141
Calculate the remainder when 3153661 is divided by 165977.
98
Calculate the remainder when 6703612 is divided by 21147.
13
Calculate the remainder when 87731214 is divided by 7746.
18
Calculate the remainder when 51579 is divided by 8574.
135
What is the remainder when 13652011 is divided by 991?
986
Calculate the remainder when 80051794 is divided by 66.
64
What is the remainder when 341716 is divided by 341559?
157
Calculate the remainder when 410681 is divided by 823.
4
What is the remainder when 2264048 is divided by 2263921?
127
Calculate the remainder when 1740914 is divided by 161.
21
Calculate the remainder when 40936017 is divided by 1658.
1655
Calculate the remainder when 716619 is divided by 71.
16
Calculate the remainder when 221021 is divided by 978.
971
What is the remainder when 64376 is divided by 7137?
143
Calculate the remainder when 45625086 is divided by 1974.
24
What is the remainder when 204572 is divided by 2119?
1148
Calculate the remainder when 6699079 is divided by 4551.
7
Calculate the remainder when 864292 is divided by 119.
114
Calculate the remainder when 169971 is divided by 1032.
723
Calculate the remainder when 153492 is divided by 21844.
584
What is the remainder when 6022 is divided by 4684?
1338
Calculate the remainder when 257148 is divided by 1080.
108
What is the remainder when 3266980 is divided by 2564?
444
What is the remainder when 2907804 is divided by 34209?
39
Calculate the remainder when 1429795 is divided by 204246.
73
What is the remainder when 2632811 is divided by 57235?
1
Calculate the remainder when 6940411 is divided by 22.
5
What is the remainder when 800219 is divided by 34?
29
What is the remainder when 227115 is divided by 2610?
45
Calculate the remainder when 22442046 is divided by 2907.
6
Calculate the remainder when 31399365 is divided by 899.
891
What is the remainder when 64919 is divided by 9218?
393
What is the remainder when 31495900 is divided by 116221?
9
What is the remainder when 1251730 is divided by 59599?
151
Calculate the remainder when 14130376 is divided by 194.
192
Calculate the remainder when 136635 is divided by 702.
447
What is the remainder when 18427 is divided by 8829?
769
Calculate the remainder when 44665 is divided by 22285.
95
What is the remainder when 4889815 is divided by 30?
25
Calculate the remainder when 446843 is divided by 9713.
45
What is the remainder when 722257 is divided by 360934?
389
What is the remainder when 1202081 is divided by 17?
11
Calculate the remainder when 14684116 is divided by 67982.
4
What is the remainder when 2099195 is divided by 820?
815
Calculate the remainder when 2749232 is divided by 1374597.
38
What is the remainder when 2113633 is divided by 2152?
369
Calculate the remainder when 511851751 is divided by 184.
183
What is the remainder when 10942031 is divid